t is (3 - (0 + 1)) + -4 + 3?
1
What is -1 + 6 + -1 - (8 - 4)?
0
-2 - (2 + -7) - 0
3
-2 - ((1 - -1) + -4 - 4)
4
Calculate -40 + 40 - (6 - (-4 - -2)).
-8
Calculate -7 + 1 + 4 - 2.
-4
-5 + (-2 + 0 - (-19 - -14))
-2
Calculate -10 + 1 - (-14 + 10).
-5
Calculate -6 + (3 - -3) + -1.
-1
What is the value of 1 - -3 - (6 - 4) - -3?
5
Evaluate 1 - (-4 + 5 - -3).
-3
Calculate -10 - (4 + 1) - -6.
-9
Evaluate 1 + (1 - 8 - (-9 - -8)).
-5
Calculate (1 - -1) + -1 + -1.
0
Evaluate -1 - -1 - (-2 + 6 - 1).
-3
-13 - -11 - (1 - -1)
-4
What is 3 - 3 - (5 - 3 - 3)?
1
Calculate -5 - 0 - -4 - 0.
-1
What is (-2 - 1) + -3 - -4 - -4?
2
What is the value of 3 - (4 + (-2 - 2 - -2))?
1
Evaluate -2 - -10 - 14 - (-2 + 1).
-5
Calculate -1 + 6 + -48 + 41.
-2
7 - ((1 - -5) + 2)
-1
Evaluate 2 + -2 - (3 + 2).
-5
What is 1 - (5 + 0 + -2 + -2)?
0
Calculate (-7 - (-21 - -8)) + -9.
-3
What is 8 + -16 + 2 + (-1 - -2)?
-5
Calculate -4 - (2 + (2 - 11)).
3
Calculate (-1 - 0) + 18 + (-14 - 4).
-1
0 + 0 + (1 - (-1 - 0))
2
-2 - (1 + -2 - 2)
1
What is the value of 9 + (-9 - -4) + (2 - -1)?
7
-1 - (-1 + 3 + 2)
-5
Calculate 5 + -5 - -5 - (-2 + 6).
1
What is (-8 - (-1 + -3)) + 1?
-3
4 - (13 - 9) - (5 - 1)
-4
What is the value of -1 - (5 - 3) - (-2 + 4)?
-5
What is the value of 2 - (0 - 3 - -6)?
-1
What is 5 + -5 + -1 + (-1 - 1)?
-3
What is the value of -3 + -4 + 5 + -2?
-4
Calculate 1 + 3 + (-11 - -7 - -1).
1
Calculate -82 + 77 - (-1 + -1).
-3
What is the value of -12 + (1 - -4) + (-57 - -58)?
-6
Calculate (-1 - (-3 + 2)) + (1 - 1).
0
What is the value of (5 - -5) + 1 + -6?
5
What is the value of -8 + (8 - (4 + -11))?
7
What is (6 - 12) + -4 + 8?
-2
Evaluate 2 + (-1 + -3 - -2).
0
Calculate 3 + -1 - 2 - 1 - -1.
0
What is the value of 2 - (2 - ((0 - 0) + 3))?
3
Evaluate 0 - 2 - (3 - (1 - -1)).
-3
Calculate -1 - -2 - (-14 - -17).
-2
Calculate 3 + (-5 + (0 - 8) - -5).
-5
What is the value of 3 + (0 - 1 - -3) - 2?
3
(3 - -5) + (-22 - -18)
4
-2 + 0 + 1 - -2
1
Calculate 1 + -2 + (17 - 17).
-1
1 + -3 + 1 - (3 + -6)
2
What is the value of -2 - -4 - 1 - (0 + -1)?
2
Evaluate (53 - 44) + -12 + 3.
0
What is the value of -11 + 0 - (-72 + 59)?
2
Calculate -1 - ((2 - 2) + 1 + 2).
-4
Calculate 27 - 36 - (-4 + 2).
-7
(-6 - (-8 + 0) - 4) + -1
-3
Evaluate -13 + (9 - (-1 - 12)).
9
What is the value of (-3 + 1 - (-6 + 3)) + 2?
3
What is -1 + 1 + 6 + (-9 - -6)?
3
Evaluate (2 - -4) + (-9 - -6).
3
4 + (-9 - -11 - -3 - -2)
11
Calculate -2 + (-1 + 1 + 0 - 0).
-2
-1 - -2 - (7 - -2 - 6)
-2
Evaluate -1 + (3 - 5) - 1.
-4
1 - (5 - 1) - (1 - 0)
-4
Calculate -2 + (0 - -3) - 5.
-4
What is -14 + 7 - (-3 - (-2 - -3))?
-3
What is -1 + -2 - (12 + -13)?
-2
Calculate -1 + 0 - (13 - (15 + 3)).
4
Calculate -9 - (-10 + 6 - (-2 - -2)).
-5
Evaluate 1 + (-6 - -3 - 3).
-5
Calculate (0 - 0) + (7 - (-5 + 9)).
3
Calculate -2 - (-4 + (5 - 0)).
-3
Calculate -3 + (3 - -4) - 6.
-2
What is the value of -7 + (-3 - (-3 + -1 + -2))?
-4
(0 - -15) + -4 - 5
6
-2 + (-1 - -3) - -1 - 3
-2
What is the value of -1 + (-4 - -3) + (-2 - -2)?
-2
Calculate 8 + (-16 - -2 - (0 + 4)).
-10
Evaluate -20 + (9 - 5 - -7).
-9
-3 - (-9 + 3 + 9)
-6
Calculate -1 - 3 - (7 + -12 + 1).
0
Evaluate 6 + (0 - -1) + 4 + -6.
5
-3 - ((-2 - -1) + -4)
2
Calculate -5 + -9 + 12 + -4.
-6
-9 + (12 + -9 - -8)
2
Evaluate 2 + 0 - (-2 - -4).
0
What is 7 + -6 - (5 + -5)?
1
What is 4 - (-5 + 2 + 8 + 3)?
-4
Calculate (0 - -3) + -4 + (1 - 4).
-4
Calculate 14 + (1 - 0 - 7).
8
What is 12 - 4 - (6 - -3)?
-1
-4 + (4 - (6 - 2))
-4
What is 2 - (3 - -3) - (7 + -6)?
-5
What is the value of (-14 - (-2 + -3)) + -1?
-10
0 - -1 - (-1 - 0)
2
Evaluate (3 - -1) + -22 + 23.
5
(-2 - (0 + 0)) + (-8 - -10)
0
What is 2 - 10 - (4 + -7)?
-5
What is 1 + (-4 - -5) - (5 + -2)?
-1
Calculate 1 + 2 + (-1 - (4 - -2)).
-4
Calculate 1 + (8 - 3) + -1.
5
Calculate -4 - (4 + 3 - 9).
-2
Calculate -5 + 2 + (1 - -10) - 5.
3
What is (5 - (0 + (-5 - -3))) + -4?
3
Evaluate 4 + (-3 - -5 - 5).
1
-1 + 2 - (-7 - -8)
0
What is -8 + (10 - 6) - (0 + 1)?
-5
Evaluate -5 - (4 - (6 + 8)).
5
Calculate 3 - ((16 + -6 - 4) + -1).
-2
Calculate 3 - ((8 - 13) + 10).
-2
What is 0 + -8 + (-16 + 23 - 4)?
-5
Calculate 7 + -5 + 4 + -4.
2
Calculate (-4 + -1 - -9) + 2 + -1.
5
Calculate 4 - -2 - 3 - -3.
6
What is the value of 17 + -5 - 5 - 5?
2
4 - 9 - (1 + -1 + -1)
-4
Calculate -3 - (-6 - (2 - 2)).
3
Evaluate (-2 - 1) + (-9 - -6) + 7.
1
Calculate (1 - (1 - 2)) + (21 - 22).
1
Calculate -10 - (17 + -22 + (-1 - -1)).
-5
Calculate 3 - ((-6 - (2 - 6)) + 6).
-1
Calculate 16 + (-4 - (-6 - -7)) - 5.
6
What is the value of 8 + -4 + 2 + -6 - -3?
3
What is the value of (-23 - -18) + 9 + -3 + 3?
4
(-6 + 0 - -1) + -1
-6
What is 5 - (2 + (-3 - 2) + 3)?
5
What is (1 - (1 + -3)) + 4 - 3?
4
-10 + 11 + -9 + (2 - -1)
-5
What is (0 - 1) + (-7 - -12)?
4
Evaluate 0 + 7 + (-2 - 3).
2
Calculate -1 - (-1 + 5) - (-3 - 0).
-2
What is -5 + -4 + 17 + -3 - -4?
9
What is the value of 6 + (-6 - 5) + 7 - -6?
8
What is the value of (1 + 0 - -4) + -1 + -11?
-7
Calculate -5 + (14 + 2 + -1 - 3).
7
What is the value of -3 - ((14 - 10) + -1 + -5)?
-1
Calculate 4 - (-2 + 11 + -3 + -2).
0
Calculate (0 - (2 + 1 + -2)) + 4.
3
What is -3 + 1 + (1 - 2 - 0)?
-3
What is -1 - 2 - (-10 - -12)?
-5
Calculate (-3 - (4 + 1 + -4)) + 4.
0
What is the value of -46 + 48 - (-2 - -1)?
3
Calculate 1 + -1 + 21 + -22.
-1
What is the value of (-2 - 3) + 46 + -34?
7
Calculate (-4 + 1 - 1) + 2.
-2
What is the value of (0 - 2) + (-2 - (-5 + -3))?
4
What is -4 + (6 - 2) + -2 + 0?
-2
Evaluate 5 + 8 + -8 + -2.
3
Calculate 31 + -24 - ((2 - -2) + -2).
5
Calculate (-9 - (-4 - -4)) + 16.
7
3 - 2 - -1 - (0 + -4)
6
What is the value of 4 + 1 + -23 + 22?
4
Calculate (13 - 17) + 17 + -12.
1
0 + -4 - (-4 + -1 + -2)
3
Calculate 4 + -5 + (-2 - 3) - -6.
0
0 + (-3 - (0 + -2) - -1)
0
What is -4 + (1 - 0) + 8 - 10?
-5
What is the value of -7 - (-6 + 9 + -13)?
3
Calculate 6 + -7 + -2 - 2.
-5
Evaluate -5 - (-7 + 3 + (-6 - -6)).
-1
What is 3 - (0 + (5 - 3))?
1
3 + -1 + (2 - 4) + -2
-2
Calculate (6 - 9) + (4 - (-3 + 3)).
1
What is the value of (-3 - -20 - 8) + 0 + 1?
10
11 - (6 + (-7 - (-2 - 0)))
10
Evaluate -18 - (0 + -13) - -3.
-2
Evaluate -5 - (-5 + 8) - (-6 - -2).
-4
Calculate (-5 - 1 - -10) + (6 - 11).
-1
What is 2 - (0 - (-7 - -1))?
-4
Evaluate -15 + 0 + 7 + 1.
-7
(7 + -3 - 6) + (2 - 2)
-2
Evaluate (0 - 3) + 1 + -14 + 20.
4
What is the value of -4 + (5 - 10) + 9 + -6?
-6
0 + (-4 - -1 - -5) - -2
4
-1 + -1 + 0 + -2 - -3
-1
What is 2 - (-3 - (-4 - 2))?
-1
Evaluate -3 + (2 + 6 - 4).
1
Evaluate (10 - 4) + 0 + -1 + 0.
5
Calculate 1 - (2 + -6 + 4) - 4.
-3
What is the value of 0 + (-4 - -1) - (2 - 6)?
1
0 + (7 - 3) + -6 + 1
-1
Calculate -5 + -1 + 1 + 12 + -2.
5
Calculate (1 + 6 - (4 - 0)) + 0.
3
What is 4 - (7 + (-8 - -3))?
2
What is -4 - (-7 + -8 + 17)?
-6
Calculate -16 - -11 - (-8 + 3 + 8).
-8
What is 0 + -10 + (-24 - (-25 + 0))?
-9
What is (7 - (-4 - -6)) + -4?
1
Calculate -9 + 10 + (7 - 11).
-3
1 + -2 + -2 - (30 - 34)
1
What is 0 + 0 + -4 + -1?
-5
Evaluate -2 + (2 - 1) + 0.
-1
What is 2 + (1 - -1) - 7?
-3
What is the value of -2 - (-2 + 3 + (0 - -2))?
-5
What is the value of 1 - (-5 + (7 - 3))?
2
(8 + -12 - 4) + 2
-6
What is 2 - 6 - (-4 + 2)?
-2
What is the value of (2 - -9) + (-2 - 4)?
5
Calculate 14 - 17 - ((-1 - 2) + -11).
11
What is 2 - -2 - (-4 + (8 - -1))?
-1
What is the value of 1 + (2 - -3) + -13 + 2?
-5
Evaluate -1 + (11 - 2 - 3).
5
Evaluate 23 + -13 + -5 - -1.
6
-1 + 9 + 0 + -12
-4
7 + (-1 - 6 - (-7 + 2))
5
What is the value of (-1 - (-6 + 1)) + -5?
-1
(-14 - (-16 - -10)) + 1
-7
What is the value of 4 + 5 + (-3 - 1)?
5
What is -5 + (-5 + 7 - (0 - 2))?
-1
Calculate 9 + (0 - 9 - -9).
9
5 - (45 + -52 + (1 - -2))
9
Evaluate -2 + 5 + 2 - (-2 + 11).
-4
Evaluate 1 - ((-2 - 1) + 1 + 3).
0
5 - (-7 - (-15 - -3))
0
What is the value of -9 - (-3 - -7 - 8)?
-5
What is the value of (13 + 1 - 16) + 8?
6
What is 4 + (-8 - (-1 - 3)) + 0?
0
Evaluate -3 - (-5 + 8) - (0 - 7).
1
Calculate (0 - 6) + -1 + 2.
-5
What is the value of -3 + (7 - -2) - 0?
6
What is 0 + 2 + 1 + (4 - 4)?
3
What is 2 + -1 - (11 + -12 + 3)?
-1
Evaluate (-12 + 7 - -2) + 4 + 1.
2
What is the value of -1 + (3 - 5) - -2?
-1
What is 14 - 8 - (4 + 6)?
-4
Evaluate -2 + 6 + (-2 - 1 - 1).
0
What is -5 - (2 - -3 - 11)?
1
Evaluate -5 + -2 - -7 - -4.
4
What is 3 + -2 - 0 - (15 + -11)?
-3
Calcula